. Let f(s) = s**2 - 4*s - 4. Calculate f(g).
-7
Let l(b) = b**2 + 4*b - 1. Suppose -13 = -5*o - 33. Calculate l(o).
-1
Let t(p) = p**2 - 3*p - 4. Suppose 2*l + l + 18 = 0. Let k be 12/1*(-2)/l. Give t(k).
0
Let s(x) = -x + 4*x - x**2 - 1 + 0*x. Let u be s(2). Let p(g) = -u + 0*g - 1 - g. Determine p(5).
-7
Let h(k) = 4*k**3 - k**2 - 6*k + 3. Let v(t) = -11*t**3 + 3*t**2 + 17*t - 9. Let j(f) = 8*h(f) + 3*v(f). What is j(2)?
-1
Let k(a) be the first derivative of -2*a**2 + 4. Let r = -25 + 29. Calculate k(r).
-16
Suppose 4*d - 14 = -2. Let r(h) be the third derivative of -1/6*h**d + 1/60*h**5 + 0 - 2*h**2 + 0*h - 1/12*h**4. Calculate r(3).
2
Suppose -2*a - 8 = k, -a - 2*k - 3 - 7 = 0. Let o(x) be the third derivative of -x**5/60 + x**2. What is o(a)?
-4
Let r be 2*(-1 - (-5)/2). Let h(y) = 3*y + 2*y**2 - 6*y**2 - 3*y**3 + 2 + 4*y**r. Give h(3).
2
Let f be ((-2 + 5)/3)/1. Let u(m) be the third derivative of -m**6/40 + m**5/60 - m**4/24 + m**3/6 - m**2. Determine u(f).
-2
Let b = -2 - -8. Let o be 56/(-8)*b/(-7). Let z(u) = -u**3 + 5*u**2 + 6*u - 7. Determine z(o).
-7
Let x be (-4 - -3 - -2)*3. Let q(m) = -m**2 - 4*m + 7. Let w(s) = 2*s**2 + 7*s - 13. Let p(b) = 5*q(b) + 3*w(b). Calculate p(x).
8
Let g(v) = -v**3 - 2*v**2 + 2*v + 2. Let s be 2/(-11) - (-93)/(-33). Let a be (-18)/(-12)*4/s. What is g(a)?
-2
Let d(z) = -z - 1. Let o be d(-1). Let s = o - 6. Let n(v) = v + 1. Determine n(s).
-5
Let o(c) = -3*c + 1 - 2*c - 16*c + 3*c. What is o(-1)?
19
Let p(i) = 6*i**3 - 30*i**2 + 40*i + 36. Let y(a) = a**3 - 6*a**2 + 8*a + 7. Let k(b) = 2*p(b) - 11*y(b). Calculate k(-7).
2
Let l(h) = -3 + 2*h**2 + 150*h + 154*h - 3*h**2 - 298*h. Let a(r) = -5*r**3 - 2*r**2 - 2*r - 1. Let v be a(-1). What is l(v)?
5
Let o(v) = -v**2 + v. Suppose q - 14 = 3*h, 6 + 11 = 3*q - 4*h. Let r = -2 + q. Let u(n) = n**2 - n + 1. Let m(l) = r*o(l) - 2*u(l). Calculate m(3).
4
Let q(n) = -2*n**2 - 4*n**2 - 1 + 5*n**2 - 8*n. Give q(-8).
-1
Suppose 0 = -5*g - 2*l - 26, -2*l + 6*l - 20 = 2*g. Let z(c) = c**2 + 7*c + 6. Let q be z(g). Let v(k) = k**3 + k**2 + k + 4. Calculate v(q).
4
Suppose 2*r + 6 + 2 = -3*q, 0 = -2*q + 2*r - 2. Let o = -4 - q. Let l = o - -7. Let c(p) = p + 2. Give c(l).
7
Let u(p) be the third derivative of 0 - 5/6*p**3 + 1/120*p**6 + 0*p**4 - 1/60*p**5 - p**2 + 0*p. Let f(y) = -y + 2. Let x be f(2). Give u(x).
-5
Let j(o) = -o**3 + 3*o**2 - 3*o + 3. Let q be (-5)/(-10)*-2*6/(-2). Calculate j(q).
-6
Let b(y) = -150*y - 1 - 2 + 157*y - y**2. Give b(6).
3
Suppose 0 = 5*i - 4*r - 24, 0*i + 15 = 5*i + 5*r. Let c(o) = -i + 0*o**2 - 3*o + o**3 + 1 + o**2 - o. Calculate c(-2).
1
Let z(b) = -b + 6. Let g be (-9)/(-3) - 2/((-2)/2). Calculate z(g).
1
Let t(u) = -6*u + 1. Suppose -2*o + 8 + 0 = 5*w, 2*o + 6 = 2*w. What is t(w)?
-11
Let u be ((-14)/35)/(1/(-20)). Let q(t) = t - 4. Calculate q(u).
4
Let v(c) = -c**2 - 4*c + 3. Let i be 2/((-3)/(60/8)). Give v(i).
-2
Let z(u) = 3*u**2. Let i be z(1). Let w(n) = -1 + 1 + 0 + 3 - n**2 + n**i - 3*n. Give w(2).
1
Let s(k) = -10*k - 7. Let m(q) = 5*q + 3. Let n(b) = 5*m(b) + 2*s(b). Determine n(1).
6
Let m = -23/84 - -5/14. Let c(t) be the second derivative of -t + 0 - 1/2*t**2 - m*t**4 - 7/6*t**3. Determine c(-4).
11
Let h(x) be the first derivative of 1/6*x**3 + 0*x**2 + 2 + 1/6*x**4 + 1/10*x**5 + 2*x. Let f(j) be the first derivative of h(j). Calculate f(-1).
-1
Let d(z) be the second derivative of z**4/12 - z**3/3 - z**2 - 63*z. What is d(3)?
1
Suppose -5*y + 7 = 4*x, -6*y + y + 3*x + 21 = 0. Suppose 2*m - 4 + 2 = -y*j, 0 = 3*j + 3*m. Let p(i) = -i**2 - i + 1. Give p(j).
-5
Let w(k) = -2*k - 3. Suppose -2*i - 16 = -5*b - 0, 4*i + 4 = 3*b. Suppose v = 0, j + i*v = 6*v - 6. Calculate w(j).
9
Let c be (3/5)/(3/15). Let u = c - 6. Let s(z) = z**3 + 3*z**2 + 2*z - 4. Calculate s(u).
-10
Let w = 15 + -11. Suppose -2*b + w = 2. Let q(r) = -5*r**2 + 1. Calculate q(b).
-4
Let j be (-6)/10 + (-69)/(-15). Let b(o) = o**3 - 5*o**2 + 5. What is b(j)?
-11
Suppose n + 4*i + 8 = -i, 0 = 2*n - i - 6. Let w(f) = -f**2 + 7*f + 2. Let x be w(7). Let q(l) = -2*l**x - 5*l + 4*l**2 - l**n - 2*l**2 - 6. What is q(-4)?
-2
Suppose -3 + 7 = n. Let k(a) be the second derivative of -3*a**2 + 0 + 7/6*a**3 - 1/12*a**n - a. Determine k(5).
4
Let p(c) = -7*c**2 + c - 11*c + 6*c**2 - 8. Let w be p(-9). Suppose w = 4*x - 7. Let h(y) = y. What is h(x)?
2
Let i = -115 + 121. Let c(a) = -2*a**2 + 7*a + 8. Calculate c(i).
-22
Suppose -2 = 4*l - 14. Let y(s) = -s**3 - 4*s**2 + 4. Let d(n) = -2*n**2 + n + 4 - 4*n**2 + 0*n**2 - 2*n**3 + n**2. Let f(v) = -2*d(v) + 3*y(v). What is f(l)?
7
Let b(u) be the third derivative of -1/60*u**5 + 3*u**2 + 0 + 0*u - 1/6*u**3 + 1/8*u**4. Calculate b(1).
1
Let a(f) be the second derivative of f**3/3 + 3*f**2 - 14*f. Give a(-4).
-2
Let n(x) = -3*x**2 + x - 1. Let d(f) = 3*f**2 + 2. Let t(q) = -3*d(q) - 2*n(q). Give t(-3).
-25
Let v(f) = -8*f - 2. Let p(c) = c + 1. Let j(m) = -p(m) - v(m). Let w be ((-2)/(-3))/(8/(-12)). Give j(w).
-6
Let x(g) be the second derivative of g**4/6 - 17*g**3/6 + 9*g**2/2 + g. Let j(w) = 0 - 9*w + 4 + 1 + w**2. Let y(p) = -7*j(p) + 4*x(p). Determine y(5).
1
Let s(d) = -d + 3. Suppose -6 = -2*v + 10. Let y(j) = -j + 11. Let q be y(v). Determine s(q).
0
Suppose -6 = -z - 2*z. Let b be 5/4 + z/(-8). Let d(w) = 4*w**2 - 3*w**2 + w - w**2 + 8*w**2. Calculate d(b).
9
Let l(x) = x**3 - 5*x**2 - x + 7. Let v(r) = -r + 10. Let y be v(8). Suppose -1 = -j - y. Let d be (3/6)/(j/(-10)). Calculate l(d).
2
Suppose 0 = -9*n - 2*n + 44. Let j(o) be the third derivative of 0 + 0*o - 1/24*o**n - 7/6*o**3 - 3*o**2. What is j(-5)?
-2
Let s(v) = 0*v - 2 + 0*v - 8 + 3*v. Calculate s(7).
11
Let o(j) = -4*j**2 - 8 + 5*j**2 - 1 - 5*j + 5. Calculate o(5).
-4
Let w = 0 + -3. Let v(x) = 2*x + 1. Let g(s) = 0*s - 2 + 4*s + 5 + 4*s. Let k(d) = -2*g(d) + 9*v(d). Give k(w).
-3
Let t(y) = 4*y + 2. Let o(u) = 414*u + 231. Let q(f) = 59*f + 33. Let z(s) = -4*o(s) + 27*q(s). Let w(v) = -33*t(v) - 2*z(v). Determine w(-1).
6
Let b(f) = -f**3 - f**2 + f + 1. Let y be b(0). Let a = 3 - y. Let m(g) = -g**2 + 2*g - 1. Give m(a).
-1
Let k(w) be the second derivative of w**3/6 + w**2/2 - w. Suppose 2*c + 19 = 6*c - 3*r, 4*r = -2*c + 4. Calculate k(c).
5
Let z(i) be the second derivative of i**3/6 + 3*i**2/2 + 3*i. What is z(-4)?
-1
Let o(c) be the second derivative of 1/2*c**2 - 3/4*c**4 + 0*c**3 + 0 + 3*c. Let w(m) = m**3 + 2*m**2 - 4*m - 2. Let h be w(-3). Calculate o(h).
-8
Let i(v) = -2*v**3 - 2*v**2 - 2*v - 3. Let d(z) = -2*z**2 + 4*z - 2. Suppose -w + 2 = -0. Let c be d(w). Determine i(c).
9
Let h = 5 - 5. Suppose 0 = 3*d - 0*d - 2*x - 14, 5*x + 22 = d. Let j(p) = 2*p**3 + 2 - p**3 - d*p**3. Give j(h).
2
Let g = -3 + 8. Let l be (-1)/(1 - 6/g). Let n(q) = q**3 - 6*q**2 + 8*q - 6. Calculate n(l).
9
Let y be 66/(-11) + -2 + 1. Let d = y + 5. Let m(x) be the third derivative of -5*x**4/24 - x**3/2 - x**2. Calculate m(d).
7
Let x(s) = s**2 - 2*s - 4. Let v be (33/(-6))/(1/(-2)). Let g = v - 8. Determine x(g).
-1
Let z(o) = -o + 1. Let w be z(-5). Suppose 0 = -w*v + v. Let g(s) = s - 8. What is g(v)?
-8
Let p(m) be the first derivative of 11*m**4/4 - m + 15. Give p(1).
10
Let m(z) = z + 4. Suppose -3*r = 4 + 5. Let l = 1 + r. What is m(l)?
2
Let c be 1/(-4) - 19/4. Let t(o) = o**2 + o + 1. Let u(g) = -3*g**2 - 7*g - 2. Let p(a) = 2*t(a) + u(a). Calculate p(c).
0
Let k(x) be the third derivative of x**5/120 - x**4/12 + x**3/6 - 3*x**2. Let a(b) be the first derivative of k(b). What is a(-4)?
-6
Let t = -24 + 26. Let l(h) be the first derivative of -4*h - 3/2*h**t + 1. Give l(-3).
5
Let m(y) = -5*y**3 - 5*y + 5. Let k(c) = -4*c**3 - 4*c + 4. Let w(g) = -6*k(g) + 5*m(g). Suppose -a = 2*q + 5, -q + 4 = -a - 1. Determine w(q).
1
Let y be (28/35)/((-6)/(-5)). Let n(s) be the third derivative of 0*s - y*s**3 - 5/24*s**4 + 0 - 1/120*s**6 - s**2 - 1/15*s**5. Determine n(-3).
2
Let p(l) = -l**2 + l + 2. Let m(k) = -5*k - 20. Let a be m(-4). Determine p(a).
2
Suppose -2 = -t - 0. Let o be 14/4 + 12/8. Suppose o*u + 12 = t*u. Let x(v) = v**2 + 4*v + 4. What is x(u)?
4
Let l(j) = -2*j**2 + 7*j - 1. Let i(u) = 6*u**2 - 20*u + 2. Let z(s) = 2*i(s) + 7*l(s). Calculate z(6).
-21
Let k(a) = 2*a**3 - 3*a**2 + 1. Let z = 89 + -87. Determine k(z).
5
Let d(h) = h**2